{"id":49,"date":"2025-10-19T20:04:45","date_gmt":"2025-10-19T20:04:45","guid":{"rendered":"https:\/\/gazetly.fr\/?page_id=49"},"modified":"2025-10-19T20:05:17","modified_gmt":"2025-10-19T20:05:17","slug":"a-propos","status":"publish","type":"page","link":"https:\/\/gazetly.fr\/?page_id=49","title":{"rendered":"A propos"},"content":{"rendered":"\t\t<div data-elementor-type=\"wp-page\" data-elementor-id=\"49\" class=\"elementor elementor-49\">\n\t\t\t\t<div class=\"elementor-element elementor-element-d2bc7c7 e-flex e-con-boxed e-con e-parent\" data-id=\"d2bc7c7\" data-element_type=\"container\" data-e-type=\"container\">\n\t\t\t\t\t<div class=\"e-con-inner\">\n\t\t\t\t<div class=\"elementor-element elementor-element-ac6dacd elementor-widget elementor-widget-text-editor\" data-id=\"ac6dacd\" data-element_type=\"widget\" data-e-type=\"widget\" data-widget_type=\"text-editor.default\">\n\t\t\t\t\t\t\t\t\t<p data-start=\"218\" data-end=\"473\"><strong data-start=\"218\" data-end=\"229\">Gazetly<\/strong> \u2013 Conseil linguistique \u2022 R\u00e9daction \u2022 Traduction<br data-start=\"277\" data-end=\"280\" \/>Avec plus de <strong data-start=\"293\" data-end=\"316\">25 ans d\u2019exp\u00e9rience<\/strong> dans l\u2019accompagnement linguistique de grandes entreprises internationales, Gazetly met son expertise au service de vos projets de communication multilingue.<\/p><p data-start=\"475\" data-end=\"500\">Nous intervenons pour :<\/p><ul data-start=\"501\" data-end=\"696\"><li data-start=\"501\" data-end=\"567\"><p data-start=\"503\" data-end=\"567\">la <strong data-start=\"506\" data-end=\"520\">conception<\/strong> de contenus (articles, rapports, sites web),<\/p><\/li><li data-start=\"568\" data-end=\"624\"><p data-start=\"570\" data-end=\"624\">la <strong data-start=\"573\" data-end=\"586\">r\u00e9daction<\/strong> en fran\u00e7ais ou en langue \u00e9trang\u00e8re,<\/p><\/li><li data-start=\"625\" data-end=\"696\"><p data-start=\"627\" data-end=\"696\">la <strong data-start=\"630\" data-end=\"644\">traduction<\/strong> (et r\u00e9vision) vers et depuis de nombreuses langues.<\/p><\/li><\/ul><p data-start=\"698\" data-end=\"912\">Nous collaborons avec des groupes de premier plan dans divers secteurs : industrie, services, technologies, luxe. Notre objectif : vous aider \u00e0 communiquer de fa\u00e7on claire, cr\u00e9dible et efficace \u00e0 l\u2019\u00e9chelle globale.<\/p>\t\t\t\t\t\t\t\t<\/div>\n\t\t\t\t\t<\/div>\n\t\t\t\t<\/div>\n\t\t\t\t<\/div>\n\t\t","protected":false},"excerpt":{"rendered":"<p>Gazetly \u2013 Conseil linguistique \u2022 R\u00e9daction \u2022 TraductionAvec plus de 25 ans d\u2019exp\u00e9rience dans l\u2019accompagnement linguistique de grandes entreprises internationales, Gazetly met son expertise au service de vos projets de &#8230;<\/p>\n","protected":false},"author":1,"featured_media":0,"parent":0,"menu_order":0,"comment_status":"closed","ping_status":"closed","template":"","meta":{"_monsterinsights_skip_tracking":false,"_monsterinsights_sitenote_active":false,"_monsterinsights_sitenote_note":"","_monsterinsights_sitenote_category":0,"footnotes":""},"class_list":["post-49","page","type-page","status-publish","hentry"],"_links":{"self":[{"href":"https:\/\/gazetly.fr\/index.php?rest_route=\/wp\/v2\/pages\/49","targetHints":{"allow":["GET"]}}],"collection":[{"href":"https:\/\/gazetly.fr\/index.php?rest_route=\/wp\/v2\/pages"}],"about":[{"href":"https:\/\/gazetly.fr\/index.php?rest_route=\/wp\/v2\/types\/page"}],"author":[{"embeddable":true,"href":"https:\/\/gazetly.fr\/index.php?rest_route=\/wp\/v2\/users\/1"}],"replies":[{"embeddable":true,"href":"https:\/\/gazetly.fr\/index.php?rest_route=%2Fwp%2Fv2%2Fcomments&post=49"}],"version-history":[{"count":5,"href":"https:\/\/gazetly.fr\/index.php?rest_route=\/wp\/v2\/pages\/49\/revisions"}],"predecessor-version":[{"id":83,"href":"https:\/\/gazetly.fr\/index.php?rest_route=\/wp\/v2\/pages\/49\/revisions\/83"}],"wp:attachment":[{"href":"https:\/\/gazetly.fr\/index.php?rest_route=%2Fwp%2Fv2%2Fmedia&parent=49"}],"curies":[{"name":"wp","href":"https:\/\/api.w.org\/{rel}","templated":true}]}}