{"id":21,"date":"2025-10-16T19:29:48","date_gmt":"2025-10-16T19:29:48","guid":{"rendered":"https:\/\/gazetly.fr\/?page_id=21"},"modified":"2025-11-11T18:49:41","modified_gmt":"2025-11-11T18:49:41","slug":"traduction","status":"publish","type":"page","link":"https:\/\/gazetly.fr\/?page_id=21","title":{"rendered":"Traduction"},"content":{"rendered":"\t\t<div data-elementor-type=\"wp-page\" data-elementor-id=\"21\" class=\"elementor elementor-21\">\n\t\t\t\t<div class=\"elementor-element elementor-element-64e2455c e-flex e-con-boxed e-con e-parent\" data-id=\"64e2455c\" data-element_type=\"container\" data-e-type=\"container\">\n\t\t\t\t\t<div class=\"e-con-inner\">\n\t\t\t\t<div class=\"elementor-element elementor-element-24446337 elementor-widget elementor-widget-text-editor\" data-id=\"24446337\" data-element_type=\"widget\" data-e-type=\"widget\" data-widget_type=\"text-editor.default\">\n\t\t\t\t\t\t\t\t\t<p><\/p>\n<ul>\n<li data-start=\"281\" data-end=\"376\">\n<p data-start=\"283\" data-end=\"376\">Traductions professionnelles r\u00e9alis\u00e9es par des linguistes natifs, experts de votre secteur.<\/p>\n<\/li>\n<li data-start=\"377\" data-end=\"450\">\n<p data-start=\"379\" data-end=\"450\">Allie pr\u00e9cision technique, adaptation culturelle et coh\u00e9rence de ton.<\/p>\n<\/li>\n<li data-start=\"451\" data-end=\"534\">\n<p data-start=\"453\" data-end=\"534\">Outils de traduction assist\u00e9e, glossaires et assurance qualit\u00e9 pour homog\u00e9n\u00e9iser vos contenus.<\/p>\n<\/li>\n<li data-start=\"535\" data-end=\"612\">\n<p data-start=\"537\" data-end=\"612\">Relecture et validation humaine pour garantir un style fluide et naturel.<\/p>\n<\/li>\n<li data-start=\"613\" data-end=\"699\">\n<p data-start=\"615\" data-end=\"699\">Services : traduction marketing, institutionnelle, technique, juridique ou cr\u00e9ative.<\/p>\n<\/li>\n<\/ul>\n<ul class=\"wp-block-list\"><\/ul>\n<p><!-- \/wp:list --><\/p>\t\t\t\t\t\t\t\t<\/div>\n\t\t\t\t\t<\/div>\n\t\t\t\t<\/div>\n\t\t\t\t<\/div>\n\t\t","protected":false},"excerpt":{"rendered":"<p>Traductions professionnelles r\u00e9alis\u00e9es par des linguistes natifs, experts de votre secteur. Allie pr\u00e9cision technique, adaptation culturelle et coh\u00e9rence de ton. Outils de traduction assist\u00e9e, glossaires et assurance qualit\u00e9 pour homog\u00e9n\u00e9iser &#8230;<\/p>\n","protected":false},"author":1,"featured_media":0,"parent":0,"menu_order":0,"comment_status":"closed","ping_status":"closed","template":"","meta":{"_monsterinsights_skip_tracking":false,"_monsterinsights_sitenote_active":false,"_monsterinsights_sitenote_note":"","_monsterinsights_sitenote_category":0,"footnotes":""},"class_list":["post-21","page","type-page","status-publish","hentry"],"_links":{"self":[{"href":"https:\/\/gazetly.fr\/index.php?rest_route=\/wp\/v2\/pages\/21","targetHints":{"allow":["GET"]}}],"collection":[{"href":"https:\/\/gazetly.fr\/index.php?rest_route=\/wp\/v2\/pages"}],"about":[{"href":"https:\/\/gazetly.fr\/index.php?rest_route=\/wp\/v2\/types\/page"}],"author":[{"embeddable":true,"href":"https:\/\/gazetly.fr\/index.php?rest_route=\/wp\/v2\/users\/1"}],"replies":[{"embeddable":true,"href":"https:\/\/gazetly.fr\/index.php?rest_route=%2Fwp%2Fv2%2Fcomments&post=21"}],"version-history":[{"count":9,"href":"https:\/\/gazetly.fr\/index.php?rest_route=\/wp\/v2\/pages\/21\/revisions"}],"predecessor-version":[{"id":108,"href":"https:\/\/gazetly.fr\/index.php?rest_route=\/wp\/v2\/pages\/21\/revisions\/108"}],"wp:attachment":[{"href":"https:\/\/gazetly.fr\/index.php?rest_route=%2Fwp%2Fv2%2Fmedia&parent=21"}],"curies":[{"name":"wp","href":"https:\/\/api.w.org\/{rel}","templated":true}]}}